 -227*f**2 - 444*f + 941. Calculate k(2).
-855
Let x(o) = -427*o + 299349. Calculate x(701).
22
Let m(q) = -6*q**3 + 21*q**2 - 8*q + 44. Determine m(6).
-544
Let j(o) = o**3 - 68*o**2 + 940*o + 418. Calculate j(20).
18
Let c(u) = -u**3 - 54*u**2 + 780*u - 832. Give c(-66).
-40
Let v(r) = 13*r**2 + 3338*r - 107736. Give v(29).
-1
Let g(i) = i**3 + 59*i**2 + 304*i - 783. Determine g(-53).
-41
Let o(m) = -3*m**2 + 513*m - 6067. What is o(12)?
-343
Let h(r) = 1679*r**2 - 41985*r + 279. What is h(25)?
29
Let t(q) = 295*q**2 - 28901*q - 195. Calculate t(98).
687
Let s(p) = 33335*p - 866631. Calculate s(26).
79
Let s(w) = 844*w - 749. Determine s(3).
1783
Let w(i) = -46178*i - 323272. Determine w(-7).
-26
Let j(x) = -24386*x + 268251. What is j(11)?
5
Let s(r) = -468*r - 4163. Calculate s(-9).
49
Let q(m) = 52*m**3 - 251*m**2 + 36*m - 410. Give q(5).
-5
Let k(w) = 4202*w - 5218877. Determine k(1242).
7
Let u(g) = 2195*g + 471905. Determine u(-215).
-20
Let x(n) = -852*n - 505240. Calculate x(-593).
-4
Let a(h) = 5799*h + 379. What is a(0)?
379
Let f(j) = -j**3 + 93*j**2 - 273*j + 43705. What is f(95)?
-280
Let m(l) = -l**3 - 7*l**2 + 42*l + 186. Calculate m(-4).
-30
Let r(d) = -6*d**2 + 134*d - 398. Give r(20).
-118
Let u(l) = -288*l**3 - 2*l**2 - 28*l + 76. Give u(2).
-2292
Let l(i) = i**3 + 794*i**2 - 668*i + 100959. Determine l(-795).
-6
Let s(q) = q**3 - 20*q**2 - 208*q + 3927. What is s(21)?
0
Let o(q) = 2*q**2 + 298*q - 3568. What is o(11)?
-48
Let d(u) = 23*u**2 - 45*u - 228. Determine d(8).
884
Let k(z) = 4420*z + 35306. What is k(-8)?
-54
Let k(r) = -10*r**3 + 33*r**2 + 8*r + 36. Calculate k(4).
-44
Let h(z) = z**3 + 5*z**2 - 7810*z - 39053. Calculate h(-5).
-3
Let v(p) = 155444*p - 11969188. Calculate v(77).
0
Let w(l) = 2*l**2 + 504*l - 221566. Give w(230).
154
Let v(a) = 58*a**2 - 2648*a - 90. Determine v(46).
830
Let n(j) = -2779*j + 41352. Give n(15).
-333
Let q(z) = -13*z**2 + 3324*z + 30955. What is q(-9)?
-14
Let a(p) = 2639*p + 118711. Determine a(-45).
-44
Let g(q) = -82*q**3 + 5*q**2 - 47*q - 61. Give g(-1).
73
Let s(w) = 15902*w + 95300. What is s(-6)?
-112
Let o(j) = j**3 - 759*j**2 - 50901*j - 33. Determine o(-62).
-95
Let q(f) = 4*f**3 + 6*f**2 - 965*f - 3860. Calculate q(-4).
-160
Let n(w) = -w**3 + 149*w**2 + 2812*w + 1408. What is n(166)?
-252
Let f(n) = -1482*n + 15162. Determine f(10).
342
Let n(b) = 1242*b + 19755. What is n(-18)?
-2601
Let o(s) = -4*s**3 - 594*s**2 + 298*s + 81. Determine o(-149).
81
Let n(z) = -2*z**3 - 74*z**2 - 417*z - 1245. What is n(-31)?
150
Let i(f) = 41762*f**2 - 1795764*f - 88. Determine i(43).
-2
Let p(j) = 43*j**2 - 1012*j + 1456. What is p(22)?
4
Let w(v) = -11*v**2 + 482*v + 7505. Determine w(56).
1
Let p(n) = -6*n**2 + 136*n + 2499. Determine p(-16).
-1213
Let y(f) = -2313*f**2 + 11551*f + 72. Determine y(5).
2
Let x(l) = 3546*l - 107082. Calculate x(30).
-702
Let v(f) = 71481*f + 428880. Determine v(-6).
-6
Let p(k) = k**2 + 118*k - 1318. Give p(12).
242
Let b(w) = -14088*w + 126811. Determine b(9).
19
Let d(v) = 71940*v - 6. Determine d(0).
-6
Let g(p) = -3045*p + 566407. Calculate g(186).
37
Let y(c) = 313*c - 13115. Calculate y(41).
-282
Let y(v) = -8*v**2 - 1224*v + 1090. Determine y(-154).
-142
Let s(b) = -2*b**3 - 2*b**2 - 140*b - 87. Calculate s(0).
-87
Let x(r) = r**3 - 42*r**2 - 33*r + 337. Determine x(41).
-2697
Let r(g) = 19984*g - 99773. What is r(5)?
147
Let t(c) = -32*c**2 - 3515*c - 21051. What is t(-6)?
-1113
Let a(f) = -20675*f + 661625. Determine a(32).
25
Let r(p) = 9*p**2 + 475*p + 5952. Calculate r(-28).
-292
Let z(w) = -3*w**3 + 38*w**2 - 96*w - 17. Give z(4).
15
Let d(t) = -4293397*t - 107334930. Calculate d(-25).
-5
Let x(t) = -t**3 + 21*t**2 + 103*t - 657. Calculate x(4).
27
Let b(z) = -z**2 + 198505*z + 397007. Determine b(-2).
-7
Let d(r) = -233*r + 5976. What is d(27)?
-315
Let h(j) = -3*j**3 + 8*j**2 + 1330*j + 7742. Determine h(-6).
698
Let g(y) = -1698*y + 3747. Determine g(3).
-1347
Let l(y) = 5*y**3 - 5*y**2 - 20*y + 10. Calculate l(-3).
-110
Let z(f) = 9*f**2 - 679*f + 1006. Give z(74).
44
Let d(i) = -72218*i - 794361. Calculate d(-11).
37
Let t(j) = -j**3 + 39*j**2 + 7*j - 333. Give t(39).
-60
Let u(a) = 1200*a + 450755. What is u(-376)?
-445
Let a(z) = z**3 + 17*z**2 + 125*z + 490. Determine a(-9).
13
Let i(c) = 11*c**2 - 1146*c - 13690. What is i(115)?
-5
Let s(m) = 4010*m + 276694. Calculate s(-69).
4
Let v(f) = 4*f**2 - 15993*f - 1505169. Calculate v(-92).
43
Let h(b) = b**3 + 145*b**2 + 279*b - 778. Calculate h(-143).
223
Let w(o) = -2547416*o - 35663839. Calculate w(-14).
-15
Let s(f) = -2*f**2 + 217*f + 10062. Give s(-35).
17
Let m(w) = 12*w**2 - 431*w - 2159. What is m(-5)?
296
Let q(g) = -g**3 + 55*g**2 - 509*g + 2001. What is q(44)?
901
Let d(x) = 1983*x - 10068. Calculate d(5).
-153
Let r(i) = -5907*i - 2929912. Give r(-496).
-40
Let g(h) = h**3 + 2849*h**2 - 17157*h + 149. Calculate g(6).
-13
Let v(t) = -315*t - 13793. What is v(-44)?
67
Let v(c) = -c**3 - 5*c**2 + 33590*c + 100784. What is v(-3)?
-4
Let z(i) = -4921*i + 1476295. Determine z(300).
-5
Let d(i) = 18*i**3 + 1300*i**2 + 211*i - 5547. Calculate d(-72).
-3
Let y(i) = 14*i**2 + 86*i - 1921. Give y(-14).
-381
Let w(h) = 99*h + 1440. Determine w(-16).
-144
Let j(z) = -25*z**3 + 1225*z**2 - 2*z + 94. Give j(49).
-4
Let x(l) = -l**3 + 151*l**2 + 333*l - 3947. Calculate x(153).
184
Let y(w) = -w**3 - 294*w**2 + 5948*w + 153. Determine y(-313).
-160
Let n(u) = 47*u - 2211. Determine n(54).
327
Let t(h) = -65*h**2 + 3721*h + 24. Calculate t(57).
936
Let u(x) = 4995*x + 88682. What is u(-17)?
3767
Let n(s) = -670*s**2 - 18120*s - 58. Determine n(-27).
752
Let a(m) = 60*m**3 + 2*m**2 - 27*m + 36. Give a(2).
470
Let n(a) = 86*a - 1774. What is n(26)?
462
Let o(a) = 2*a**3 + 65*a**2 + 114*a + 682. Determine o(-31).
31
Let y(i) = 8*i**2 - 5329*i + 21317. What is y(4)?
129
Let l(a) = -128*a + 16379. Calculate l(125).
379
Let f(z) = -2*z**2 - 164*z + 1051. What is f(6)?
-5
Let d(k) = 16*k**2 + 479*k - 1904. Give d(-43).
7083
Let d(p) = -15*p**3 - 84*p - 85. Give d(-1).
14
Let l(j) = 34988*j - 4758366. Give l(136).
2
Let t(l) = -18352*l + 201845. What is t(11)?
-27
Let d(t) = -t**3 - 67*t**2 + 8392*t + 879. Calculate d(-131).
-169
Let f(v) = -v**3 + 48*v**2 - 685*v + 2780. Calculate f(26).
-158
Let i(g) = g**3 - 29*g**2 - 1454*g + 1735. What is i(-27)?
169
Let j(w) = w**2 - w - 13683. Calculate j(-128).
2829
Let f(p) = -370*p + 2252. Give f(7).
-338
Let t(l) = -11*l**2 + 3358*l - 27028. Give t(297).
-1
Let q(l) = -26*l**2 + 4036*l - 35104. Calculate q(146).
-64
Let z(i) = -3*i**3 + 1265*i**2 - 2108*i + 3336. What is z(420)?
-24
Let d(q) = -330*q + 1640. What is d(6)?
-340
Let b(y) = -3*y**2 + 64*y - 153. Give b(18).
27
Let z(g) = g**3 + 23*g**2 - 414*g - 9457. Give z(-24).
-97
Let t(s) = 14*s**2 + 120*s - 577. What is t(4)?
127
Let f(l) = -l**3 - 83*l**2 + 34*l + 10048. Determine f(-82).
536
Let w(t) = -127*t**3 - 3554*t**2 + 42*t - 349. Give w(-28).
43
Let m(i) = -29*i**3 + 7*i**2 + 87*i + 87. Determine m(-1).
36
Let j(f) = 84922*f - 339699. Give j(4).
-11
Let b(z) = -5*z**3 + z**2 + 54*z + 23. Determine b(9).
-3055
Let m(n) = -n**2 + 150*n - 1269. Calculate m(141).
0
Let f(b) = -40*b**2 - 268*b + 541. Give f(2).
-155
Let q(l) = -1126*l - 49504. Calculate q(-44).
40
Let l(r) = -1333*r**3 + 8*r**2 - 4*r - 3. What is l(-1)?
1342
Let c(y) = y**3 - 31*y**2 + 38*y + 42. Calculate c(29).
-538
Let a(r) = -2*r**2 + 272*r + 152043. Determine a(-216).
-21
Let i(z) = 770*z + 348796. What is i(-453)?
-14
Let d(o) = -12*o**3 - 7*o**2 + 101*o + 334. Determine d(-3).
292
Let g(n) = -n**3 - 313*n**2 - 8487*n + 165. Determine g(-30).
75
Let s(n) = -76*n**2 - 878*n + 4415. What is s(5)?
-1875
Let b(f) = -12*f**2 + 721*f - 826. Give b(57).
1283
Let p(b) = 78*b**3 + 2*b**2 - 14*b + 90. Determine p(3).
2172
Let x(u) = -u**3 + 32*u**2 - 251*u + 25. Give x(19).
-51
Let o(m) = -9*m**2 - 318*m + 2445. Calculate o(7).
-222
Let l(j) = 99*j - 109. What is l(4)?
287
Let f(b) = 394*b**2 + 10271*b + 699. Calculate f(-26).
-3
Let b(m) = 642*m + 115614. Calculate b(-180).
54
Let w(j) = j**2 - 314*j + 4457. What is w(15)?
-28
Let r(g) = 14*g**3 - 2*g**2 + 544*g + 547. Determine r(-1).
-13
Let i(b) = -b**3 - 53*b**2 - 94*b + 